r of 35687 and 508?
127
What is the highest common divisor of 649946 and 310?
62
What is the greatest common factor of 27714 and 2682?
894
Calculate the greatest common factor of 128 and 2084.
4
Calculate the greatest common factor of 414832 and 40.
8
What is the highest common divisor of 1144 and 1012?
44
What is the greatest common divisor of 51107 and 2744?
343
What is the highest common divisor of 27158 and 222?
74
Calculate the highest common factor of 504 and 116676.
252
Calculate the greatest common divisor of 90148 and 2604.
124
Calculate the greatest common divisor of 159 and 215392.
53
What is the highest common divisor of 7 and 84616?
7
What is the highest common factor of 37960 and 5720?
520
Calculate the highest common divisor of 28 and 186452.
28
What is the greatest common divisor of 88 and 4642?
22
What is the greatest common factor of 2146 and 592?
74
What is the highest common divisor of 812 and 774358?
58
What is the highest common factor of 8703 and 14031?
9
Calculate the highest common divisor of 51194 and 10868.
286
What is the greatest common divisor of 498 and 1553677?
83
What is the highest common factor of 365106 and 42?
42
What is the highest common factor of 17893 and 145?
29
Calculate the highest common factor of 440 and 13600.
40
Calculate the greatest common factor of 107336 and 16.
8
Calculate the highest common divisor of 7372 and 3268.
76
Calculate the highest common divisor of 149 and 3427.
149
What is the greatest common factor of 3939 and 221?
13
What is the greatest common divisor of 14942 and 248?
62
What is the highest common divisor of 9 and 767952?
9
Calculate the greatest common divisor of 11017 and 644.
23
Calculate the greatest common divisor of 29556 and 1566.
18
Calculate the highest common divisor of 218574 and 36.
18
Calculate the greatest common factor of 2232 and 229028.
124
What is the highest common divisor of 22860 and 900?
180
What is the greatest common factor of 131936 and 496?
496
Calculate the greatest common divisor of 488532 and 396.
132
Calculate the greatest common factor of 72 and 48492.
36
Calculate the greatest common factor of 1017 and 68130.
9
What is the highest common divisor of 836096 and 1536?
512
What is the highest common divisor of 1 and 11974?
1
What is the highest common factor of 33 and 888789?
33
Calculate the greatest common divisor of 774 and 13491.
9
Calculate the greatest common factor of 1888 and 280.
8
What is the greatest common factor of 125 and 4620950?
25
What is the greatest common factor of 21 and 2196159?
21
What is the highest common factor of 269091 and 261?
261
What is the greatest common factor of 31080 and 3444?
84
What is the greatest common divisor of 216 and 62136?
72
Calculate the highest common divisor of 4418 and 846.
94
What is the greatest common divisor of 160239 and 930?
93
What is the highest common factor of 303995 and 145470?
1865
What is the highest common factor of 100 and 27?
1
What is the greatest common divisor of 314 and 2444647?
157
What is the highest common factor of 7643 and 5?
1
Calculate the greatest common factor of 213 and 336682.
71
What is the greatest common factor of 56902 and 184?
46
Calculate the greatest common factor of 19 and 7107.
1
Calculate the highest common divisor of 46 and 199571.
23
What is the greatest common factor of 1231716 and 16?
4
Calculate the greatest common divisor of 130280 and 40.
40
What is the highest common factor of 663 and 67847?
221
Calculate the highest common divisor of 378 and 4200.
42
Calculate the highest common factor of 82407 and 65.
13
What is the highest common divisor of 8960 and 4690?
70
Calculate the highest common factor of 13889 and 285.
19
Calculate the greatest common factor of 41525 and 2567.
151
What is the highest common factor of 34279 and 917?
7
What is the greatest common divisor of 630 and 4420?
10
Calculate the greatest common divisor of 362202 and 318.
318
Calculate the greatest common factor of 1064787 and 1065.
213
What is the highest common factor of 1285479 and 99?
9
What is the highest common factor of 628 and 49298?
314
Calculate the greatest common divisor of 59672 and 144.
8
Calculate the highest common factor of 1287 and 284778.
117
Calculate the highest common divisor of 377775 and 2555.
365
What is the greatest common divisor of 10925 and 4025?
575
Calculate the highest common factor of 220 and 214280.
220
Calculate the highest common factor of 407286 and 414.
18
What is the greatest common divisor of 4418 and 3008?
94
What is the greatest common factor of 663 and 545343?
51
What is the greatest common factor of 2 and 332371?
1
Calculate the highest common factor of 2186 and 3.
1
Calculate the greatest common divisor of 2 and 1046.
2
Calculate the highest common divisor of 102192 and 156.
12
What is the greatest common divisor of 20634 and 570?
114
What is the highest common divisor of 28566 and 378?
54
Calculate the greatest common factor of 24893 and 253.
11
Calculate the highest common factor of 122 and 102602.
122
What is the greatest common factor of 46 and 3877409?
23
Calculate the highest common factor of 1305 and 3799.
29
What is the highest common divisor of 1684411 and 51?
17
What is the highest common factor of 173558 and 14?
14
Calculate the greatest common factor of 116679 and 6555.
1311
Calculate the greatest common factor of 6440 and 10120.
920
What is the highest common factor of 334 and 10187?
167
Calculate the highest common factor of 223 and 143389.
223
Calculate the greatest common divisor of 26 and 89141.
13
Calculate the greatest common factor of 24 and 285042.
6
Calculate the greatest common divisor of 4488533 and 203.
203
What is the highest common divisor of 214907 and 1771?
77
What is the highest common factor of 1598477 and 23?
23
Calculate the greatest common factor of 143100 and 36.
36
What is the greatest common factor of 11849 and 4998?
17
What is the highest common factor of 11 and 68651?
11
What is the greatest common factor of 29607 and 3834?
213
Calculate the greatest common factor of 8970 and 540.
30
Calculate the highest common divisor of 12397 and 32879.
539
Calculate the greatest common factor of 621 and 1041.
3
Calculate the highest common divisor of 215 and 45537.
43
Calculate the greatest common factor of 521928 and 6.
6
What is the highest common factor of 1443 and 1108705?
481
Calculate the greatest common divisor of 28500 and 384.
12
What is the highest common factor of 492338 and 973?
973
What is the greatest common divisor of 8470 and 19635?
385
What is the greatest common factor of 535152 and 3?
3
What is the highest common divisor of 876360 and 6432?
1608
Calculate the highest common factor of 2112 and 3071904.
1056
Calculate the highest common factor of 210 and 518448.
42
Calculate the highest common divisor of 75 and 1359255.
15
What is the highest common factor of 96475 and 34?
17
Calculate the greatest common factor of 301192 and 208.
8
What is the greatest common factor of 1886095 and 5?
5
What is the highest common divisor of 480622 and 3008?
94
Calculate the highest common factor of 6444 and 23724.
36
What is the greatest common divisor of 585 and 572520?
195
Calculate the greatest common factor of 24010 and 1960.
490
What is the highest common factor of 35 and 815?
5
What is the greatest common divisor of 4118 and 2414?
142
Calculate the greatest common factor of 69 and 96624.
3
Calculate the greatest common factor of 145320 and 120.
120
Calculate the highest common divisor of 16 and 649.
1
What is the greatest common factor of 12534 and 162?
6
Calculate the highest common divisor of 10 and 871005.
5
Calculate the greatest common divisor of 279 and 22500.
9
Calculate the highest common divisor of 21 and 115320.
3
What is the highest common factor of 9218 and 4246?
22
What is the highest common divisor of 100 and 18408?
4
Calculate the highest common factor of 110 and 102916.
22
What is the highest common divisor of 560 and 15000?
40
Calculate the greatest common factor of 397 and 2635286.
397
What is the greatest common factor of 975 and 31161?
39
What is the highest common factor of 639 and 327381?
213
Calculate the highest common divisor of 57517 and 113.
113
Calculate the highest common f